{"id":3999,"date":"2024-03-18T12:54:14","date_gmt":"2024-03-18T16:54:14","guid":{"rendered":"https:\/\/expresito.com\/home\/detalles\/"},"modified":"2024-03-18T12:54:14","modified_gmt":"2024-03-18T16:54:14","slug":"detalles","status":"publish","type":"page","link":"https:\/\/expresito.com\/home\/detalles\/","title":{"rendered":"detalles"},"content":{"rendered":"<p>[et_pb_section bb_built=&#8221;1&#8243; fullwidth=&#8221;on&#8221; _builder_version=&#8221;3.0.71&#8243; custom_padding=&#8221;0px|0px|0px|0px&#8221; next_background_color=&#8221;#000000&#8243;][et_pb_fullwidth_slider _builder_version=&#8221;3.12.2&#8243; body_font=&#8221;|300|||||||&#8221; box_shadow_style=&#8221;preset6&#8243; box_shadow_blur=&#8221;10px&#8221; box_shadow_color=&#8221;rgba(0,0,0,0.1)&#8221; custom_padding=&#8221;|||&#8221; custom_padding_tablet=&#8221;|||&#8221; custom_padding_phone=&#8221;|||&#8221;][et_pb_slide heading=&#8221;INFORMATE&#8221; _builder_version=&#8221;3.12.2&#8243; header_font=&#8221;Lato|on|||&#8221; header_font_size=&#8221;50px&#8221; body_font=&#8221;Lato||||&#8221; body_font_size=&#8221;20px&#8221; background_color=&#8221;#ffffff&#8221; background_color_gradient_direction=&#8221;30deg&#8221; background_image=&#8221;http:\/\/www.expresito.com\/casillero\/files\/2017\/11\/expresito-casillero.jpg&#8221;]<br \/>\n[\/et_pb_slide][\/et_pb_fullwidth_slider][\/et_pb_section][et_pb_section bb_built=&#8221;1&#8243; _builder_version=&#8221;3.0.83&#8243; background_size=&#8221;contain&#8221; custom_padding=&#8221;70px|0px|8px|0px&#8221; prev_background_color=&#8221;#000000&#8243;][et_pb_row _builder_version=&#8221;3.12.2&#8243;][et_pb_column type=&#8221;4_4&#8243;][et_pb_text _builder_version=&#8221;3.12.2&#8243;]<\/p>\n<p><strong>COMO FUNCIONA<\/strong><\/p>\n<p><strong>Reg\u00edstrate:<\/strong> Necesitamos que primero te registres en nuestra plataforma, puedes hacerlo siguiendo el siguiente enlace: <strong><a href=\"https:\/\/www.ecarga.com\/app\/registrocasilleros.php?sitio=casillero\">https:\/\/www.ecarga.com\/app\/registrocasilleros.php?sitio=casillero<\/a><\/strong><\/p>\n<p>&nbsp;<\/p>\n<p><strong>Compra:<\/strong> Visita tus tiendas en l\u00ednea de confianza, usa tu tarjeta de cr\u00e9dito preferida y comienza a comprar todo lo que desees tener<\/p>\n<p><strong>Envia a tu casillero:<\/strong> Solicita que env\u00edan tu compra a tu casillero:<\/p>\n<ul>\n<li>Nombres y apellidos completes<\/li>\n<li>Numero de Casillero<\/li>\n<li>Direccion domiciliaria correcta de Expresito Carga: 3100 NW 72 Ave Local #128 Miami, FL 33122<\/li>\n<li>Tel\u00e9fono: 305 \u2013 716 \u2013 9600<\/li>\n<\/ul>\n<p><strong>Alerta: <\/strong>ingresa tu alerta donde incluya # de tracking, nombre de la tienda y descripcion de la compra que realizaste.<strong>\u00a0 <\/strong><strong><a href=\"https:\/\/www.expresito.com\/casillero\/#comoalerta\">https:\/\/www.expresito.com\/casillero\/#comoalerta<\/a><\/strong><\/p>\n<p><strong>Inf\u00f3rmate:<\/strong> Nos comunicaremos contigo apenas el paquete haya llegado a tu casillero<\/p>\n<p><strong>Realiza tu pago:<\/strong> Te informaremos el monto a cancelar de acuerdo al volumen y peso del paquete para que puedas efectuar el pago.<\/p>\n<p><strong>Recibe tu compra:<\/strong> Inmediatamente se realice la llegada al pa\u00eds de destino, procederemos a entregar tu pedido<\/p>\n<p>&nbsp;<\/p>\n<p><strong>CARGOS ADICIONALES: <\/strong><strong><a href=\"https:\/\/www.expresito.com\/casillero\/recargos-adicionales\/\">https:\/\/www.expresito.com\/casillero\/recargos-adicionales\/<\/a><\/strong><\/p>\n<p><strong>Recargo de $10:<\/strong> Se cobrar\u00e1 este recargo en el caso que usted incumpla los siguientes items:<\/p>\n<ul>\n<li>Paquete sin nombre.<\/li>\n<li>No ingreso de alerta sobre el producto a recibir en casillero.<\/li>\n<li>El producto no llega con facture.<\/li>\n<li>No ingreso dentro del casillero las respectivas instrucciones.<\/li>\n<li>No ingreso de la c\u00e9dula de identidad dentro del casillero.<\/li>\n<li>Mal registro en la cuenta de casillero.<\/li>\n<\/ul>\n<p>&nbsp;<\/p>\n<p><strong>Recargo de $5:<\/strong><\/p>\n<ul>\n<li>En el caso de enviar a nuestras oficinas un paquete sin antes haberse registrado o creado una cuenta de casillero con EXPRESITO CARGA.<\/li>\n<li>Por agrupar y consolidar art\u00edculos siendo estos, carga comercial.<\/li>\n<\/ul>\n<p>&nbsp;<\/p>\n<p><strong>Recargo de $50:<\/strong><\/p>\n<ul>\n<li>Carga Comercial repetida calificada por un supervisor el costo del env\u00edo es de $50 por paquetes.<\/li>\n<li>Una cuenta que usa varios nombres.<\/li>\n<li>Art\u00edculos repetidos es clasificada comercial autom\u00e1ticamente.<\/li>\n<\/ul>\n<p>&nbsp;<\/p>\n<p>&nbsp;<\/p>\n<p><strong>REGULACIONES DEL SERVICIO <\/strong><\/p>\n<p><strong>BODEGAJE:<\/strong> El servicio incluye almacenaje gratis hasta 15 dias desde que ingrese a nuestras bodegas su primera compra, luego de esto a partir del dia 16 se cobrara el valor de $10 por concepto de almacenaje. Este valor sera cobrado cada 15 dias que usted no ingrese su alerta para despachar su compra.<\/p>\n<ul>\n<li><strong>Ecuador:<\/strong> La carga que tenga menos de 8 lbs podra ser enviada por el Servicio de Casillero Express.<\/li>\n<li><strong>Colombia:<\/strong> La carga minima para enviar es de 10 libras.<\/li>\n<li><strong>Peru:<\/strong> La carga minima para enviar es de 10 libras.<\/li>\n<\/ul>\n<p><strong>\u00a0<\/strong><\/p>\n<p><strong>VALOR DECLARADO:<\/strong> Su alerta es fundamental, ya que en ella, usted nos da las instrucciones espec\u00edficas acerca de cu\u00e1l es el valor a declarar de su env\u00edo; esto es muy importante en el tema de impuestos. Si usted no ha dado una instrucci\u00f3n sobre este valor, la empresa tomar\u00e1 el valor comercial o valor de la factura.*Recuerde que si usted no ingresa su alerta a tiempo, existe un cargo adicional de $5.00.<\/p>\n<p>&nbsp;<\/p>\n<p><strong>SEGURO:<\/strong> Su alerta tambi\u00e9n es el medio por el cual, usted nos da instrucciones acerca del valor por el cual desea asegurar su env\u00edo; si usted no ha especificado sobre el valor a asegurar, la empresa lo asegurar\u00e1 por el m\u00ednimo. El valor asegurado es muy importante cuando lo que env\u00eda es un art\u00edculo de alto valor y su p\u00e9rdida es lamentable. Para m\u00e1s detalles de seguro por favor lea las pol\u00edticas del seguro.<\/p>\n<p>&nbsp;<\/p>\n<p><strong>TARIFAS: <\/strong>Las tarifas oficiales del Servicio de Casilleros las encontraras en el siguiente link. <strong><a href=\"https:\/\/www.expresito.com\/casillero\/tarifas\/\">https:\/\/www.expresito.com\/casillero\/tarifas\/<\/a><\/strong><\/p>\n<p><strong>\u00a0<\/strong><\/p>\n<p>[\/et_pb_text][\/et_pb_column][\/et_pb_row][\/et_pb_section]<\/p>\n","protected":false},"excerpt":{"rendered":"<p>[et_pb_section bb_built=&#8221;1&#8243; fullwidth=&#8221;on&#8221; _builder_version=&#8221;3.0.71&#8243; custom_padding=&#8221;0px|0px|0px|0px&#8221; next_background_color=&#8221;#000000&#8243;][et_pb_fullwidth_slider _builder_version=&#8221;3.12.2&#8243; body_font=&#8221;|300|||||||&#8221; box_shadow_style=&#8221;preset6&#8243; box_shadow_blur=&#8221;10px&#8221; box_shadow_color=&#8221;rgba(0,0,0,0.1)&#8221; custom_padding=&#8221;|||&#8221; custom_padding_tablet=&#8221;|||&#8221; custom_padding_phone=&#8221;|||&#8221;][et_pb_slide heading=&#8221;INFORMATE&#8221; _builder_version=&#8221;3.12.2&#8243; header_font=&#8221;Lato|on|||&#8221; header_font_size=&#8221;50px&#8221; body_font=&#8221;Lato||||&#8221; body_font_size=&#8221;20px&#8221; background_color=&#8221;#ffffff&#8221; background_color_gradient_direction=&#8221;30deg&#8221; background_image=&#8221;http:\/\/www.expresito.com\/casillero\/files\/2017\/11\/expresito-casillero.jpg&#8221;] [\/et_pb_slide][\/et_pb_fullwidth_slider][\/et_pb_section][et_pb_section bb_built=&#8221;1&#8243; _builder_version=&#8221;3.0.83&#8243; background_size=&#8221;contain&#8221; custom_padding=&#8221;70px|0px|8px|0px&#8221; prev_background_color=&#8221;#000000&#8243;][et_pb_row _builder_version=&#8221;3.12.2&#8243;][et_pb_column type=&#8221;4_4&#8243;][et_pb_text _builder_version=&#8221;3.12.2&#8243;] COMO FUNCIONA Reg\u00edstrate: Necesitamos que primero te registres en nuestra plataforma, puedes hacerlo siguiendo el siguiente enlace: https:\/\/www.ecarga.com\/app\/registrocasilleros.php?sitio=casillero &nbsp; Compra: Visita tus tiendas &hellip;<\/p>\n<p class=\"read-more\"> <a class=\"\" href=\"https:\/\/expresito.com\/home\/detalles\/\"> <span class=\"screen-reader-text\">detalles<\/span> Leer m\u00e1s &raquo;<\/a><\/p>\n","protected":false},"author":1,"featured_media":0,"parent":0,"menu_order":0,"comment_status":"open","ping_status":"open","template":"","meta":{"_acf_changed":false,"wp_popup_display_lightbox":0,"wp_popup_suppress":"","wp_popup_trigger":"","wp_popup_trigger_amount":0,"wp_popup_disable_on_mobile":false,"site-sidebar-layout":"default","site-content-layout":"default","ast-global-header-display":"","ast-main-header-display":"","ast-hfb-above-header-display":"","ast-hfb-below-header-display":"","ast-hfb-mobile-header-display":"","site-post-title":"","ast-breadcrumbs-content":"","ast-featured-img":"","footer-sml-layout":"","theme-transparent-header-meta":"","adv-header-id-meta":"","stick-header-meta":"","header-above-stick-meta":"","header-main-stick-meta":"","header-below-stick-meta":"","footnotes":""},"class_list":["post-3999","page","type-page","status-publish","hentry"],"acf":[],"yoast_head":"<!-- This site is optimized with the Yoast SEO plugin v27.4 - https:\/\/yoast.com\/product\/yoast-seo-wordpress\/ -->\n<title>detalles - Expresito<\/title>\n<meta name=\"robots\" content=\"index, follow, max-snippet:-1, max-image-preview:large, max-video-preview:-1\" \/>\n<link rel=\"canonical\" href=\"https:\/\/expresito.com\/home\/detalles\/\" \/>\n<meta property=\"og:locale\" content=\"es_ES\" \/>\n<meta property=\"og:type\" content=\"article\" \/>\n<meta property=\"og:title\" content=\"detalles - Expresito\" \/>\n<meta property=\"og:description\" content=\"[et_pb_section bb_built=&#8221;1&#8243; fullwidth=&#8221;on&#8221; _builder_version=&#8221;3.0.71&#8243; custom_padding=&#8221;0px|0px|0px|0px&#8221; next_background_color=&#8221;#000000&#8243;][et_pb_fullwidth_slider _builder_version=&#8221;3.12.2&#8243; body_font=&#8221;|300|||||||&#8221; box_shadow_style=&#8221;preset6&#8243; box_shadow_blur=&#8221;10px&#8221; box_shadow_color=&#8221;rgba(0,0,0,0.1)&#8221; custom_padding=&#8221;|||&#8221; custom_padding_tablet=&#8221;|||&#8221; custom_padding_phone=&#8221;|||&#8221;][et_pb_slide heading=&#8221;INFORMATE&#8221; _builder_version=&#8221;3.12.2&#8243; header_font=&#8221;Lato|on|||&#8221; header_font_size=&#8221;50px&#8221; body_font=&#8221;Lato||||&#8221; body_font_size=&#8221;20px&#8221; background_color=&#8221;#ffffff&#8221; background_color_gradient_direction=&#8221;30deg&#8221; background_image=&#8221;http:\/\/www.expresito.com\/casillero\/files\/2017\/11\/expresito-casillero.jpg&#8221;] [\/et_pb_slide][\/et_pb_fullwidth_slider][\/et_pb_section][et_pb_section bb_built=&#8221;1&#8243; _builder_version=&#8221;3.0.83&#8243; background_size=&#8221;contain&#8221; custom_padding=&#8221;70px|0px|8px|0px&#8221; prev_background_color=&#8221;#000000&#8243;][et_pb_row _builder_version=&#8221;3.12.2&#8243;][et_pb_column type=&#8221;4_4&#8243;][et_pb_text _builder_version=&#8221;3.12.2&#8243;] COMO FUNCIONA Reg\u00edstrate: Necesitamos que primero te registres en nuestra plataforma, puedes hacerlo siguiendo el siguiente enlace: https:\/\/www.ecarga.com\/app\/registrocasilleros.php?sitio=casillero &nbsp; Compra: Visita tus tiendas &hellip; detalles Leer m\u00e1s &raquo;\" \/>\n<meta property=\"og:url\" content=\"https:\/\/expresito.com\/home\/detalles\/\" \/>\n<meta property=\"og:site_name\" content=\"Expresito\" \/>\n<meta property=\"article:publisher\" content=\"https:\/\/www.facebook.com\/EXPRESITOCARGA?mibextid=ZbWKwL\" \/>\n<meta name=\"twitter:card\" content=\"summary_large_image\" \/>\n<meta name=\"twitter:site\" content=\"@ExpresitoC\" \/>\n<meta name=\"twitter:label1\" content=\"Tiempo de lectura\" \/>\n\t<meta name=\"twitter:data1\" content=\"4 minutos\" \/>\n<script type=\"application\/ld+json\" class=\"yoast-schema-graph\">{\"@context\":\"https:\\\/\\\/schema.org\",\"@graph\":[{\"@type\":\"WebPage\",\"@id\":\"https:\\\/\\\/expresito.com\\\/home\\\/detalles\\\/\",\"url\":\"https:\\\/\\\/expresito.com\\\/home\\\/detalles\\\/\",\"name\":\"detalles - Expresito\",\"isPartOf\":{\"@id\":\"https:\\\/\\\/expresito.com\\\/home\\\/#website\"},\"datePublished\":\"2024-03-18T16:54:14+00:00\",\"breadcrumb\":{\"@id\":\"https:\\\/\\\/expresito.com\\\/home\\\/detalles\\\/#breadcrumb\"},\"inLanguage\":\"es\",\"potentialAction\":[{\"@type\":\"ReadAction\",\"target\":[\"https:\\\/\\\/expresito.com\\\/home\\\/detalles\\\/\"]}]},{\"@type\":\"BreadcrumbList\",\"@id\":\"https:\\\/\\\/expresito.com\\\/home\\\/detalles\\\/#breadcrumb\",\"itemListElement\":[{\"@type\":\"ListItem\",\"position\":1,\"name\":\"Portada\",\"item\":\"https:\\\/\\\/expresito.com\\\/home\\\/\"},{\"@type\":\"ListItem\",\"position\":2,\"name\":\"detalles\"}]},{\"@type\":\"WebSite\",\"@id\":\"https:\\\/\\\/expresito.com\\\/home\\\/#website\",\"url\":\"https:\\\/\\\/expresito.com\\\/home\\\/\",\"name\":\"Expresito Carga- Envios a Latino America, Envios a Ecuador Y colombia\",\"description\":\"Carga y Correo a Colombia, Ecuador, Per\u00fa, M\u00e9xico, Rep\u00fablica Dominicana, Venezuela, Honduras, Guatemala, El Salvador, Canad\u00e1 y Todo Estados Unidos.\",\"publisher\":{\"@id\":\"https:\\\/\\\/expresito.com\\\/home\\\/#organization\"},\"potentialAction\":[{\"@type\":\"SearchAction\",\"target\":{\"@type\":\"EntryPoint\",\"urlTemplate\":\"https:\\\/\\\/expresito.com\\\/home\\\/?s={search_term_string}\"},\"query-input\":{\"@type\":\"PropertyValueSpecification\",\"valueRequired\":true,\"valueName\":\"search_term_string\"}}],\"inLanguage\":\"es\"},{\"@type\":\"Organization\",\"@id\":\"https:\\\/\\\/expresito.com\\\/home\\\/#organization\",\"name\":\"Expresito Carga\",\"url\":\"https:\\\/\\\/expresito.com\\\/home\\\/\",\"logo\":{\"@type\":\"ImageObject\",\"inLanguage\":\"es\",\"@id\":\"https:\\\/\\\/expresito.com\\\/home\\\/#\\\/schema\\\/logo\\\/image\\\/\",\"url\":\"https:\\\/\\\/expresito.com\\\/home\\\/wp-content\\\/uploads\\\/2023\\\/12\\\/logo4.png\",\"contentUrl\":\"https:\\\/\\\/expresito.com\\\/home\\\/wp-content\\\/uploads\\\/2023\\\/12\\\/logo4.png\",\"width\":1123,\"height\":232,\"caption\":\"Expresito Carga\"},\"image\":{\"@id\":\"https:\\\/\\\/expresito.com\\\/home\\\/#\\\/schema\\\/logo\\\/image\\\/\"},\"sameAs\":[\"https:\\\/\\\/www.facebook.com\\\/EXPRESITOCARGA?mibextid=ZbWKwL\",\"https:\\\/\\\/x.com\\\/ExpresitoC\",\"https:\\\/\\\/www.instagram.com\\\/expresitocarga?igsh=NDI1Z2xubGc1bm9q\",\"https:\\\/\\\/www.tiktok.com\\\/@expresito?_t=8k1FMiVJLK2&_r=1\",\"https:\\\/\\\/pin.it\\\/2W49waiNL\"]}]}<\/script>\n<!-- \/ Yoast SEO plugin. -->","yoast_head_json":{"title":"detalles - Expresito","robots":{"index":"index","follow":"follow","max-snippet":"max-snippet:-1","max-image-preview":"max-image-preview:large","max-video-preview":"max-video-preview:-1"},"canonical":"https:\/\/expresito.com\/home\/detalles\/","og_locale":"es_ES","og_type":"article","og_title":"detalles - Expresito","og_description":"[et_pb_section bb_built=&#8221;1&#8243; fullwidth=&#8221;on&#8221; _builder_version=&#8221;3.0.71&#8243; custom_padding=&#8221;0px|0px|0px|0px&#8221; next_background_color=&#8221;#000000&#8243;][et_pb_fullwidth_slider _builder_version=&#8221;3.12.2&#8243; body_font=&#8221;|300|||||||&#8221; box_shadow_style=&#8221;preset6&#8243; box_shadow_blur=&#8221;10px&#8221; box_shadow_color=&#8221;rgba(0,0,0,0.1)&#8221; custom_padding=&#8221;|||&#8221; custom_padding_tablet=&#8221;|||&#8221; custom_padding_phone=&#8221;|||&#8221;][et_pb_slide heading=&#8221;INFORMATE&#8221; _builder_version=&#8221;3.12.2&#8243; header_font=&#8221;Lato|on|||&#8221; header_font_size=&#8221;50px&#8221; body_font=&#8221;Lato||||&#8221; body_font_size=&#8221;20px&#8221; background_color=&#8221;#ffffff&#8221; background_color_gradient_direction=&#8221;30deg&#8221; background_image=&#8221;http:\/\/www.expresito.com\/casillero\/files\/2017\/11\/expresito-casillero.jpg&#8221;] [\/et_pb_slide][\/et_pb_fullwidth_slider][\/et_pb_section][et_pb_section bb_built=&#8221;1&#8243; _builder_version=&#8221;3.0.83&#8243; background_size=&#8221;contain&#8221; custom_padding=&#8221;70px|0px|8px|0px&#8221; prev_background_color=&#8221;#000000&#8243;][et_pb_row _builder_version=&#8221;3.12.2&#8243;][et_pb_column type=&#8221;4_4&#8243;][et_pb_text _builder_version=&#8221;3.12.2&#8243;] COMO FUNCIONA Reg\u00edstrate: Necesitamos que primero te registres en nuestra plataforma, puedes hacerlo siguiendo el siguiente enlace: https:\/\/www.ecarga.com\/app\/registrocasilleros.php?sitio=casillero &nbsp; Compra: Visita tus tiendas &hellip; detalles Leer m\u00e1s &raquo;","og_url":"https:\/\/expresito.com\/home\/detalles\/","og_site_name":"Expresito","article_publisher":"https:\/\/www.facebook.com\/EXPRESITOCARGA?mibextid=ZbWKwL","twitter_card":"summary_large_image","twitter_site":"@ExpresitoC","twitter_misc":{"Tiempo de lectura":"4 minutos"},"schema":{"@context":"https:\/\/schema.org","@graph":[{"@type":"WebPage","@id":"https:\/\/expresito.com\/home\/detalles\/","url":"https:\/\/expresito.com\/home\/detalles\/","name":"detalles - Expresito","isPartOf":{"@id":"https:\/\/expresito.com\/home\/#website"},"datePublished":"2024-03-18T16:54:14+00:00","breadcrumb":{"@id":"https:\/\/expresito.com\/home\/detalles\/#breadcrumb"},"inLanguage":"es","potentialAction":[{"@type":"ReadAction","target":["https:\/\/expresito.com\/home\/detalles\/"]}]},{"@type":"BreadcrumbList","@id":"https:\/\/expresito.com\/home\/detalles\/#breadcrumb","itemListElement":[{"@type":"ListItem","position":1,"name":"Portada","item":"https:\/\/expresito.com\/home\/"},{"@type":"ListItem","position":2,"name":"detalles"}]},{"@type":"WebSite","@id":"https:\/\/expresito.com\/home\/#website","url":"https:\/\/expresito.com\/home\/","name":"Expresito Carga- Envios a Latino America, Envios a Ecuador Y colombia","description":"Carga y Correo a Colombia, Ecuador, Per\u00fa, M\u00e9xico, Rep\u00fablica Dominicana, Venezuela, Honduras, Guatemala, El Salvador, Canad\u00e1 y Todo Estados Unidos.","publisher":{"@id":"https:\/\/expresito.com\/home\/#organization"},"potentialAction":[{"@type":"SearchAction","target":{"@type":"EntryPoint","urlTemplate":"https:\/\/expresito.com\/home\/?s={search_term_string}"},"query-input":{"@type":"PropertyValueSpecification","valueRequired":true,"valueName":"search_term_string"}}],"inLanguage":"es"},{"@type":"Organization","@id":"https:\/\/expresito.com\/home\/#organization","name":"Expresito Carga","url":"https:\/\/expresito.com\/home\/","logo":{"@type":"ImageObject","inLanguage":"es","@id":"https:\/\/expresito.com\/home\/#\/schema\/logo\/image\/","url":"https:\/\/expresito.com\/home\/wp-content\/uploads\/2023\/12\/logo4.png","contentUrl":"https:\/\/expresito.com\/home\/wp-content\/uploads\/2023\/12\/logo4.png","width":1123,"height":232,"caption":"Expresito Carga"},"image":{"@id":"https:\/\/expresito.com\/home\/#\/schema\/logo\/image\/"},"sameAs":["https:\/\/www.facebook.com\/EXPRESITOCARGA?mibextid=ZbWKwL","https:\/\/x.com\/ExpresitoC","https:\/\/www.instagram.com\/expresitocarga?igsh=NDI1Z2xubGc1bm9q","https:\/\/www.tiktok.com\/@expresito?_t=8k1FMiVJLK2&_r=1","https:\/\/pin.it\/2W49waiNL"]}]}},"jetpack_sharing_enabled":true,"_links":{"self":[{"href":"https:\/\/expresito.com\/home\/wp-json\/wp\/v2\/pages\/3999","targetHints":{"allow":["GET"]}}],"collection":[{"href":"https:\/\/expresito.com\/home\/wp-json\/wp\/v2\/pages"}],"about":[{"href":"https:\/\/expresito.com\/home\/wp-json\/wp\/v2\/types\/page"}],"author":[{"embeddable":true,"href":"https:\/\/expresito.com\/home\/wp-json\/wp\/v2\/users\/1"}],"replies":[{"embeddable":true,"href":"https:\/\/expresito.com\/home\/wp-json\/wp\/v2\/comments?post=3999"}],"version-history":[{"count":0,"href":"https:\/\/expresito.com\/home\/wp-json\/wp\/v2\/pages\/3999\/revisions"}],"wp:attachment":[{"href":"https:\/\/expresito.com\/home\/wp-json\/wp\/v2\/media?parent=3999"}],"curies":[{"name":"wp","href":"https:\/\/api.w.org\/{rel}","templated":true}]}}