{"id":5015,"date":"2024-07-31T13:08:50","date_gmt":"2024-07-31T17:08:50","guid":{"rendered":"https:\/\/expresito.com\/home\/?page_id=5015"},"modified":"2026-02-10T11:21:12","modified_gmt":"2026-02-10T16:21:12","slug":"tarifas-carga-mexico","status":"publish","type":"page","link":"https:\/\/expresito.com\/home\/tarifas-carga-mexico\/","title":{"rendered":"Tarifas Carga De USA A Mexico"},"content":{"rendered":"\t\t<div data-elementor-type=\"wp-page\" data-elementor-id=\"5015\" class=\"elementor elementor-5015\" data-elementor-post-type=\"page\">\n\t\t\t\t\t\t<section class=\"elementor-section elementor-top-section elementor-element elementor-element-57ca742e elementor-section-boxed elementor-section-height-default elementor-section-height-default\" data-id=\"57ca742e\" data-element_type=\"section\">\n\t\t\t\t\t\t<div class=\"elementor-container elementor-column-gap-default\">\n\t\t\t\t\t<div class=\"elementor-column elementor-col-100 elementor-top-column elementor-element elementor-element-408ae72d\" data-id=\"408ae72d\" data-element_type=\"column\">\n\t\t\t<div class=\"elementor-widget-wrap elementor-element-populated\">\n\t\t\t\t\t\t<div class=\"elementor-element elementor-element-d2e088b elementor-widget elementor-widget-spacer\" data-id=\"d2e088b\" data-element_type=\"widget\" data-widget_type=\"spacer.default\">\n\t\t\t\t<div class=\"elementor-widget-container\">\n\t\t\t\t\t\t\t<div class=\"elementor-spacer\">\n\t\t\t<div class=\"elementor-spacer-inner\"><\/div>\n\t\t<\/div>\n\t\t\t\t\t\t<\/div>\n\t\t\t\t<\/div>\n\t\t\t\t<div class=\"elementor-element elementor-element-a971cf8 elementor-invisible elementor-widget elementor-widget-heading\" data-id=\"a971cf8\" data-element_type=\"widget\" data-settings=\"{&quot;_animation&quot;:&quot;fadeInLeft&quot;}\" data-widget_type=\"heading.default\">\n\t\t\t\t<div class=\"elementor-widget-container\">\n\t\t\t\t\t<h2 class=\"elementor-heading-title elementor-size-default\">Tarifas Carga a Mexico<\/h2>\t\t\t\t<\/div>\n\t\t\t\t<\/div>\n\t\t\t\t<div class=\"elementor-element elementor-element-782a4e6 elementor-widget elementor-widget-accordion\" data-id=\"782a4e6\" data-element_type=\"widget\" data-settings=\"{&quot;_animation&quot;:&quot;none&quot;,&quot;_animation_tablet&quot;:&quot;fadeInLeft&quot;,&quot;_animation_mobile&quot;:&quot;fadeInLeft&quot;}\" data-widget_type=\"accordion.default\">\n\t\t\t\t<div class=\"elementor-widget-container\">\n\t\t\t\t\t\t\t<div class=\"elementor-accordion\">\n\t\t\t\t\t\t\t<div class=\"elementor-accordion-item\">\n\t\t\t\t\t<div id=\"elementor-tab-title-1261\" class=\"elementor-tab-title\" data-tab=\"1\" role=\"button\" aria-controls=\"elementor-tab-content-1261\" aria-expanded=\"false\">\n\t\t\t\t\t\t\t\t\t\t\t\t\t<span class=\"elementor-accordion-icon elementor-accordion-icon-left\" aria-hidden=\"true\">\n\t\t\t\t\t\t\t\t\t\t\t\t\t\t\t<span class=\"elementor-accordion-icon-closed\"><i class=\"fas fa-angle-double-down\"><\/i><\/span>\n\t\t\t\t\t\t\t\t<span class=\"elementor-accordion-icon-opened\"><i class=\"fas fa-angle-double-down\"><\/i><\/span>\n\t\t\t\t\t\t\t\t\t\t\t\t\t\t<\/span>\n\t\t\t\t\t\t\t\t\t\t\t\t<a class=\"elementor-accordion-title\" tabindex=\"0\">Mexico<\/a>\n\t\t\t\t\t<\/div>\n\t\t\t\t\t<div id=\"elementor-tab-content-1261\" class=\"elementor-tab-content elementor-clearfix\" data-tab=\"1\" role=\"region\" aria-labelledby=\"elementor-tab-title-1261\"><p>\u00a0<\/p><table width=\"500\"><tbody><tr><td colspan=\"6\" width=\"67\">Lbs.<\/td><td colspan=\"9\" width=\"69\">Flete<\/td><td colspan=\"6\" width=\"48\">AWB<\/td><td colspan=\"5\" width=\"60\">V.D.<\/td><td colspan=\"6\" width=\"54\">Imp.<\/td><td colspan=\"6\" width=\"60\">Seg<\/td><td colspan=\"8\" width=\"68\">PVP LOCAL<\/td><td colspan=\"8\" width=\"74\">PVP GLOBAL<\/td><\/tr><tr><td colspan=\"6\">15<\/td><td colspan=\"9\">$52,50<\/td><td colspan=\"6\">$10,00<\/td><td colspan=\"5\">$100,00<\/td><td colspan=\"6\">$0,00<\/td><td colspan=\"6\">$10,00<\/td><td colspan=\"8\">$72,50<\/td><td colspan=\"8\">$87,50<\/td><\/tr><tr><td colspan=\"6\">20<\/td><td colspan=\"9\">$70,00<\/td><td colspan=\"6\">$10,00<\/td><td colspan=\"5\">$100,00<\/td><td colspan=\"6\">$0,00<\/td><td colspan=\"6\">$10,00<\/td><td colspan=\"8\">$90,00<\/td><td colspan=\"8\">$110,00<\/td><\/tr><tr><td colspan=\"6\">30<\/td><td colspan=\"9\">$105,00<\/td><td colspan=\"6\">$10,00<\/td><td colspan=\"5\">$100,00<\/td><td colspan=\"6\">$0,00<\/td><td colspan=\"6\">$10,00<\/td><td colspan=\"8\">$125,00<\/td><td colspan=\"8\">$155,00<\/td><\/tr><tr><td colspan=\"6\">40<\/td><td colspan=\"9\">$140,00<\/td><td colspan=\"6\">$10,00<\/td><td colspan=\"5\">$100,00<\/td><td colspan=\"6\">$0,00<\/td><td colspan=\"6\">$10,00<\/td><td colspan=\"8\">$160,00<\/td><td colspan=\"8\">$200,00<\/td><\/tr><tr><td colspan=\"6\">50<\/td><td colspan=\"9\">$175,00<\/td><td colspan=\"6\">$10,00<\/td><td colspan=\"5\">$150,00<\/td><td colspan=\"6\">$0,00<\/td><td colspan=\"6\">$15,00<\/td><td colspan=\"8\">$200,00<\/td><td colspan=\"8\">$250,00<\/td><\/tr><tr><td colspan=\"6\">60<\/td><td colspan=\"9\">$210,00<\/td><td colspan=\"6\">$10,00<\/td><td colspan=\"5\">$150,00<\/td><td colspan=\"6\">$0,00<\/td><td colspan=\"6\">$15,00<\/td><td colspan=\"8\">$235,00<\/td><td colspan=\"8\">$295,00<\/td><\/tr><tr><td colspan=\"6\">70<\/td><td colspan=\"9\">$245,00<\/td><td colspan=\"6\">$10,00<\/td><td colspan=\"5\">$150,00<\/td><td colspan=\"6\">$0,00<\/td><td colspan=\"6\">$15,00<\/td><td colspan=\"8\">$270,00<\/td><td colspan=\"8\">$340,00<\/td><\/tr><tr><td colspan=\"6\">80<\/td><td colspan=\"9\">$280,00<\/td><td colspan=\"6\">$10,00<\/td><td colspan=\"5\">$150,00<\/td><td colspan=\"6\">$0,00<\/td><td colspan=\"6\">$15,00<\/td><td colspan=\"8\">$305,00<\/td><td colspan=\"8\">$385,00<\/td><\/tr><tr><td colspan=\"6\">90<\/td><td colspan=\"9\">$315,00<\/td><td colspan=\"6\">$10,00<\/td><td colspan=\"5\">$150,00<\/td><td colspan=\"6\">$0,00<\/td><td colspan=\"6\">$15,00<\/td><td colspan=\"8\">$340,00<\/td><td colspan=\"8\">$430,00<\/td><\/tr><tr><td colspan=\"6\">100<\/td><td colspan=\"9\">$350,00<\/td><td colspan=\"6\">$10,00<\/td><td colspan=\"5\">$200,00<\/td><td colspan=\"6\">$0,00<\/td><td colspan=\"6\">$20,00<\/td><td colspan=\"8\">$380,00<\/td><td colspan=\"8\">$480,00<\/td><\/tr><tr><td colspan=\"6\">110<\/td><td colspan=\"9\">$385,00<\/td><td colspan=\"6\">$10,00<\/td><td colspan=\"5\">$200,00<\/td><td colspan=\"6\">$0,00<\/td><td colspan=\"6\">$20,00<\/td><td colspan=\"8\">$415,00<\/td><td colspan=\"8\">$525,00<\/td><\/tr><tr><td colspan=\"6\">120<\/td><td colspan=\"9\">$420,00<\/td><td colspan=\"6\">$10,00<\/td><td colspan=\"5\">$200,00<\/td><td colspan=\"6\">$0,00<\/td><td colspan=\"6\">$20,00<\/td><td colspan=\"8\">$450,00<\/td><td colspan=\"8\">$570,00<\/td><\/tr><tr><td colspan=\"6\">130<\/td><td colspan=\"9\">$455,00<\/td><td colspan=\"6\">$10,00<\/td><td colspan=\"5\">$200,00<\/td><td colspan=\"6\">$0,00<\/td><td colspan=\"6\">$20,00<\/td><td colspan=\"8\">$485,00<\/td><td colspan=\"8\">$615,00<\/td><\/tr><tr><td colspan=\"6\">140<\/td><td colspan=\"9\">$490,00<\/td><td colspan=\"6\">$10,00<\/td><td colspan=\"5\">$200,00<\/td><td colspan=\"6\">$0,00<\/td><td colspan=\"6\">$20,00<\/td><td colspan=\"8\">$520,00<\/td><td colspan=\"8\">$660,00<\/td><\/tr><tr><td colspan=\"6\">150<\/td><td colspan=\"9\">$525,00<\/td><td colspan=\"6\">$10,00<\/td><td colspan=\"5\">$200,00<\/td><td colspan=\"6\">$0,00<\/td><td colspan=\"6\">$20,00<\/td><td colspan=\"8\">$555,00<\/td><td colspan=\"8\">$705,00<\/td><\/tr><tr><td colspan=\"6\">160<\/td><td colspan=\"9\">$560,00<\/td><td colspan=\"6\">$10,00<\/td><td colspan=\"5\">$200,00<\/td><td colspan=\"6\">$0,00<\/td><td colspan=\"6\">$20,00<\/td><td colspan=\"8\">$590,00<\/td><td colspan=\"8\">$750,00<\/td><\/tr><tr><td colspan=\"6\">170<\/td><td colspan=\"9\">$595,00<\/td><td colspan=\"6\">$10,00<\/td><td colspan=\"5\">$200,00<\/td><td colspan=\"6\">$0,00<\/td><td colspan=\"6\">$20,00<\/td><td colspan=\"8\">$625,00<\/td><td colspan=\"8\">$795,00<\/td><\/tr><tr><td colspan=\"6\">180<\/td><td colspan=\"9\">$630,00<\/td><td colspan=\"6\">$10,00<\/td><td colspan=\"5\">$200,00<\/td><td colspan=\"6\">$0,00<\/td><td colspan=\"6\">$20,00<\/td><td colspan=\"8\">$660,00<\/td><td colspan=\"8\">$840,00<\/td><\/tr><tr><td colspan=\"6\">190<\/td><td colspan=\"9\">$665,00<\/td><td colspan=\"6\">$10,00<\/td><td colspan=\"5\">$200,00<\/td><td colspan=\"6\">$0,00<\/td><td colspan=\"6\">$20,00<\/td><td colspan=\"8\">$695,00<\/td><td colspan=\"8\">$885,00<\/td><\/tr><tr><td colspan=\"6\">200<\/td><td colspan=\"9\">$700,00<\/td><td colspan=\"6\">$10,00<\/td><td colspan=\"5\">$200,00<\/td><td colspan=\"6\">$0,00<\/td><td colspan=\"6\">$20,00<\/td><td colspan=\"8\">$730,00<\/td><td colspan=\"8\"><p>$930,00<\/p><p>\u00a0<\/p><\/td><\/tr><\/tbody><\/table><p>* Seguro es obligatorio 10 %. En caso de perdida solo se paga valor asegurado.<br \/>* Se puede enviar de todo, articulos de alto valor tienen que estar bien asegurados.<br \/>* El empaque a Mexico tiene que ser con cajas doble pared, y en buen estado.<br \/>* No somos responsables por roturas, averias o faltantes debido a malos empaques.<br \/>* Celulares, Laptops y Tablets se envian solos.<\/p><\/div>\n\t\t\t\t<\/div>\n\t\t\t\t\t\t\t\t<\/div>\n\t\t\t\t\t\t<\/div>\n\t\t\t\t<\/div>\n\t\t\t\t\t<\/div>\n\t\t<\/div>\n\t\t\t\t\t<\/div>\n\t\t<\/section>\n\t\t\t\t<section class=\"elementor-section elementor-top-section elementor-element elementor-element-1fcb19f elementor-section-boxed elementor-section-height-default elementor-section-height-default\" data-id=\"1fcb19f\" data-element_type=\"section\">\n\t\t\t\t\t\t<div class=\"elementor-container elementor-column-gap-default\">\n\t\t\t\t\t<div class=\"elementor-column elementor-col-100 elementor-top-column elementor-element elementor-element-793576f\" data-id=\"793576f\" data-element_type=\"column\">\n\t\t\t<div class=\"elementor-widget-wrap elementor-element-populated\">\n\t\t\t\t\t\t\t<\/div>\n\t\t<\/div>\n\t\t\t\t\t<\/div>\n\t\t<\/section>\n\t\t\t\t<\/div>\n\t\t","protected":false},"excerpt":{"rendered":"<p>Tarifas Carga a Mexico Mexico Lbs. Flete AWB V.D. Imp. Seg PVP LOCAL PVP GLOBAL 15 $52,50 $10,00 $100,00 $0,00 $10,00 $72,50 $87,50 20 $70,00 $10,00 $100,00 $0,00 $10,00 $90,00 $110,00 30 $105,00 $10,00 $100,00 $0,00 $10,00 $125,00 $155,00 40 $140,00 $10,00 $100,00 $0,00 $10,00 $160,00 $200,00 50 $175,00 $10,00 $150,00 $0,00 $15,00 $200,00 $250,00 &hellip;<\/p>\n<p class=\"read-more\"> <a class=\"\" href=\"https:\/\/expresito.com\/home\/tarifas-carga-mexico\/\"> <span class=\"screen-reader-text\">Tarifas Carga De USA A Mexico<\/span> Leer m\u00e1s &raquo;<\/a><\/p>\n","protected":false},"author":9,"featured_media":0,"parent":0,"menu_order":0,"comment_status":"open","ping_status":"open","template":"","meta":{"_acf_changed":false,"wp_popup_display_lightbox":0,"wp_popup_suppress":"","wp_popup_trigger":"","wp_popup_trigger_amount":0,"wp_popup_disable_on_mobile":false,"site-sidebar-layout":"default","site-content-layout":"default","ast-global-header-display":"","ast-main-header-display":"","ast-hfb-above-header-display":"","ast-hfb-below-header-display":"","ast-hfb-mobile-header-display":"","site-post-title":"","ast-breadcrumbs-content":"","ast-featured-img":"","footer-sml-layout":"","theme-transparent-header-meta":"default","adv-header-id-meta":"","stick-header-meta":"","header-above-stick-meta":"","header-main-stick-meta":"","header-below-stick-meta":"","footnotes":""},"class_list":["post-5015","page","type-page","status-publish","hentry"],"acf":[],"yoast_head":"<!-- This site is optimized with the Yoast SEO plugin v27.3 - https:\/\/yoast.com\/product\/yoast-seo-wordpress\/ -->\n<title>Tarifas Carga De USA A Mexico - Expresito<\/title>\n<meta name=\"robots\" content=\"index, follow, max-snippet:-1, max-image-preview:large, max-video-preview:-1\" \/>\n<link rel=\"canonical\" href=\"https:\/\/expresito.com\/home\/tarifas-carga-mexico\/\" \/>\n<meta property=\"og:locale\" content=\"es_ES\" \/>\n<meta property=\"og:type\" content=\"article\" \/>\n<meta property=\"og:title\" content=\"Tarifas Carga De USA A Mexico - Expresito\" \/>\n<meta property=\"og:description\" content=\"Tarifas Carga a Mexico Mexico Lbs. Flete AWB V.D. Imp. Seg PVP LOCAL PVP GLOBAL 15 $52,50 $10,00 $100,00 $0,00 $10,00 $72,50 $87,50 20 $70,00 $10,00 $100,00 $0,00 $10,00 $90,00 $110,00 30 $105,00 $10,00 $100,00 $0,00 $10,00 $125,00 $155,00 40 $140,00 $10,00 $100,00 $0,00 $10,00 $160,00 $200,00 50 $175,00 $10,00 $150,00 $0,00 $15,00 $200,00 $250,00 &hellip; Tarifas Carga De USA A Mexico Leer m\u00e1s &raquo;\" \/>\n<meta property=\"og:url\" content=\"https:\/\/expresito.com\/home\/tarifas-carga-mexico\/\" \/>\n<meta property=\"og:site_name\" content=\"Expresito\" \/>\n<meta property=\"article:publisher\" content=\"https:\/\/www.facebook.com\/EXPRESITOCARGA?mibextid=ZbWKwL\" \/>\n<meta property=\"article:modified_time\" content=\"2026-02-10T16:21:12+00:00\" \/>\n<meta name=\"twitter:card\" content=\"summary_large_image\" \/>\n<meta name=\"twitter:site\" content=\"@ExpresitoC\" \/>\n<meta name=\"twitter:label1\" content=\"Tiempo de lectura\" \/>\n\t<meta name=\"twitter:data1\" content=\"2 minutos\" \/>\n<script type=\"application\/ld+json\" class=\"yoast-schema-graph\">{\"@context\":\"https:\\\/\\\/schema.org\",\"@graph\":[{\"@type\":\"WebPage\",\"@id\":\"https:\\\/\\\/expresito.com\\\/home\\\/tarifas-carga-mexico\\\/\",\"url\":\"https:\\\/\\\/expresito.com\\\/home\\\/tarifas-carga-mexico\\\/\",\"name\":\"Tarifas Carga De USA A Mexico - Expresito\",\"isPartOf\":{\"@id\":\"https:\\\/\\\/expresito.com\\\/home\\\/#website\"},\"datePublished\":\"2024-07-31T17:08:50+00:00\",\"dateModified\":\"2026-02-10T16:21:12+00:00\",\"breadcrumb\":{\"@id\":\"https:\\\/\\\/expresito.com\\\/home\\\/tarifas-carga-mexico\\\/#breadcrumb\"},\"inLanguage\":\"es\",\"potentialAction\":[{\"@type\":\"ReadAction\",\"target\":[\"https:\\\/\\\/expresito.com\\\/home\\\/tarifas-carga-mexico\\\/\"]}]},{\"@type\":\"BreadcrumbList\",\"@id\":\"https:\\\/\\\/expresito.com\\\/home\\\/tarifas-carga-mexico\\\/#breadcrumb\",\"itemListElement\":[{\"@type\":\"ListItem\",\"position\":1,\"name\":\"Portada\",\"item\":\"https:\\\/\\\/expresito.com\\\/home\\\/\"},{\"@type\":\"ListItem\",\"position\":2,\"name\":\"Tarifas Carga De USA A Mexico\"}]},{\"@type\":\"WebSite\",\"@id\":\"https:\\\/\\\/expresito.com\\\/home\\\/#website\",\"url\":\"https:\\\/\\\/expresito.com\\\/home\\\/\",\"name\":\"Expresito Carga- Envios a Latino America, Envios a Ecuador Y colombia\",\"description\":\"Carga y Correo a Colombia, Ecuador, Per\u00fa, M\u00e9xico, Rep\u00fablica Dominicana, Venezuela, Honduras, Guatemala, El Salvador, Canad\u00e1 y Todo Estados Unidos.\",\"publisher\":{\"@id\":\"https:\\\/\\\/expresito.com\\\/home\\\/#organization\"},\"potentialAction\":[{\"@type\":\"SearchAction\",\"target\":{\"@type\":\"EntryPoint\",\"urlTemplate\":\"https:\\\/\\\/expresito.com\\\/home\\\/?s={search_term_string}\"},\"query-input\":{\"@type\":\"PropertyValueSpecification\",\"valueRequired\":true,\"valueName\":\"search_term_string\"}}],\"inLanguage\":\"es\"},{\"@type\":\"Organization\",\"@id\":\"https:\\\/\\\/expresito.com\\\/home\\\/#organization\",\"name\":\"Expresito Carga\",\"url\":\"https:\\\/\\\/expresito.com\\\/home\\\/\",\"logo\":{\"@type\":\"ImageObject\",\"inLanguage\":\"es\",\"@id\":\"https:\\\/\\\/expresito.com\\\/home\\\/#\\\/schema\\\/logo\\\/image\\\/\",\"url\":\"https:\\\/\\\/expresito.com\\\/home\\\/wp-content\\\/uploads\\\/2023\\\/12\\\/logo4.png\",\"contentUrl\":\"https:\\\/\\\/expresito.com\\\/home\\\/wp-content\\\/uploads\\\/2023\\\/12\\\/logo4.png\",\"width\":1123,\"height\":232,\"caption\":\"Expresito Carga\"},\"image\":{\"@id\":\"https:\\\/\\\/expresito.com\\\/home\\\/#\\\/schema\\\/logo\\\/image\\\/\"},\"sameAs\":[\"https:\\\/\\\/www.facebook.com\\\/EXPRESITOCARGA?mibextid=ZbWKwL\",\"https:\\\/\\\/x.com\\\/ExpresitoC\",\"https:\\\/\\\/www.instagram.com\\\/expresitocarga?igsh=NDI1Z2xubGc1bm9q\",\"https:\\\/\\\/www.tiktok.com\\\/@expresito?_t=8k1FMiVJLK2&_r=1\",\"https:\\\/\\\/pin.it\\\/2W49waiNL\"]}]}<\/script>\n<!-- \/ Yoast SEO plugin. -->","yoast_head_json":{"title":"Tarifas Carga De USA A Mexico - Expresito","robots":{"index":"index","follow":"follow","max-snippet":"max-snippet:-1","max-image-preview":"max-image-preview:large","max-video-preview":"max-video-preview:-1"},"canonical":"https:\/\/expresito.com\/home\/tarifas-carga-mexico\/","og_locale":"es_ES","og_type":"article","og_title":"Tarifas Carga De USA A Mexico - Expresito","og_description":"Tarifas Carga a Mexico Mexico Lbs. Flete AWB V.D. Imp. Seg PVP LOCAL PVP GLOBAL 15 $52,50 $10,00 $100,00 $0,00 $10,00 $72,50 $87,50 20 $70,00 $10,00 $100,00 $0,00 $10,00 $90,00 $110,00 30 $105,00 $10,00 $100,00 $0,00 $10,00 $125,00 $155,00 40 $140,00 $10,00 $100,00 $0,00 $10,00 $160,00 $200,00 50 $175,00 $10,00 $150,00 $0,00 $15,00 $200,00 $250,00 &hellip; Tarifas Carga De USA A Mexico Leer m\u00e1s &raquo;","og_url":"https:\/\/expresito.com\/home\/tarifas-carga-mexico\/","og_site_name":"Expresito","article_publisher":"https:\/\/www.facebook.com\/EXPRESITOCARGA?mibextid=ZbWKwL","article_modified_time":"2026-02-10T16:21:12+00:00","twitter_card":"summary_large_image","twitter_site":"@ExpresitoC","twitter_misc":{"Tiempo de lectura":"2 minutos"},"schema":{"@context":"https:\/\/schema.org","@graph":[{"@type":"WebPage","@id":"https:\/\/expresito.com\/home\/tarifas-carga-mexico\/","url":"https:\/\/expresito.com\/home\/tarifas-carga-mexico\/","name":"Tarifas Carga De USA A Mexico - Expresito","isPartOf":{"@id":"https:\/\/expresito.com\/home\/#website"},"datePublished":"2024-07-31T17:08:50+00:00","dateModified":"2026-02-10T16:21:12+00:00","breadcrumb":{"@id":"https:\/\/expresito.com\/home\/tarifas-carga-mexico\/#breadcrumb"},"inLanguage":"es","potentialAction":[{"@type":"ReadAction","target":["https:\/\/expresito.com\/home\/tarifas-carga-mexico\/"]}]},{"@type":"BreadcrumbList","@id":"https:\/\/expresito.com\/home\/tarifas-carga-mexico\/#breadcrumb","itemListElement":[{"@type":"ListItem","position":1,"name":"Portada","item":"https:\/\/expresito.com\/home\/"},{"@type":"ListItem","position":2,"name":"Tarifas Carga De USA A Mexico"}]},{"@type":"WebSite","@id":"https:\/\/expresito.com\/home\/#website","url":"https:\/\/expresito.com\/home\/","name":"Expresito Carga- Envios a Latino America, Envios a Ecuador Y colombia","description":"Carga y Correo a Colombia, Ecuador, Per\u00fa, M\u00e9xico, Rep\u00fablica Dominicana, Venezuela, Honduras, Guatemala, El Salvador, Canad\u00e1 y Todo Estados Unidos.","publisher":{"@id":"https:\/\/expresito.com\/home\/#organization"},"potentialAction":[{"@type":"SearchAction","target":{"@type":"EntryPoint","urlTemplate":"https:\/\/expresito.com\/home\/?s={search_term_string}"},"query-input":{"@type":"PropertyValueSpecification","valueRequired":true,"valueName":"search_term_string"}}],"inLanguage":"es"},{"@type":"Organization","@id":"https:\/\/expresito.com\/home\/#organization","name":"Expresito Carga","url":"https:\/\/expresito.com\/home\/","logo":{"@type":"ImageObject","inLanguage":"es","@id":"https:\/\/expresito.com\/home\/#\/schema\/logo\/image\/","url":"https:\/\/expresito.com\/home\/wp-content\/uploads\/2023\/12\/logo4.png","contentUrl":"https:\/\/expresito.com\/home\/wp-content\/uploads\/2023\/12\/logo4.png","width":1123,"height":232,"caption":"Expresito Carga"},"image":{"@id":"https:\/\/expresito.com\/home\/#\/schema\/logo\/image\/"},"sameAs":["https:\/\/www.facebook.com\/EXPRESITOCARGA?mibextid=ZbWKwL","https:\/\/x.com\/ExpresitoC","https:\/\/www.instagram.com\/expresitocarga?igsh=NDI1Z2xubGc1bm9q","https:\/\/www.tiktok.com\/@expresito?_t=8k1FMiVJLK2&_r=1","https:\/\/pin.it\/2W49waiNL"]}]}},"jetpack_sharing_enabled":true,"_links":{"self":[{"href":"https:\/\/expresito.com\/home\/wp-json\/wp\/v2\/pages\/5015","targetHints":{"allow":["GET"]}}],"collection":[{"href":"https:\/\/expresito.com\/home\/wp-json\/wp\/v2\/pages"}],"about":[{"href":"https:\/\/expresito.com\/home\/wp-json\/wp\/v2\/types\/page"}],"author":[{"embeddable":true,"href":"https:\/\/expresito.com\/home\/wp-json\/wp\/v2\/users\/9"}],"replies":[{"embeddable":true,"href":"https:\/\/expresito.com\/home\/wp-json\/wp\/v2\/comments?post=5015"}],"version-history":[{"count":6,"href":"https:\/\/expresito.com\/home\/wp-json\/wp\/v2\/pages\/5015\/revisions"}],"predecessor-version":[{"id":6292,"href":"https:\/\/expresito.com\/home\/wp-json\/wp\/v2\/pages\/5015\/revisions\/6292"}],"wp:attachment":[{"href":"https:\/\/expresito.com\/home\/wp-json\/wp\/v2\/media?parent=5015"}],"curies":[{"name":"wp","href":"https:\/\/api.w.org\/{rel}","templated":true}]}}