{"id":5029,"date":"2024-07-31T13:44:14","date_gmt":"2024-07-31T17:44:14","guid":{"rendered":"https:\/\/expresito.com\/home\/?page_id=5029"},"modified":"2024-07-31T13:46:27","modified_gmt":"2024-07-31T17:46:27","slug":"rd","status":"publish","type":"page","link":"https:\/\/expresito.com\/home\/rd\/","title":{"rendered":"Tarifas Carga Republica Dominicana"},"content":{"rendered":"\t\t<div data-elementor-type=\"wp-page\" data-elementor-id=\"5029\" class=\"elementor elementor-5029\" data-elementor-post-type=\"page\">\n\t\t\t\t\t\t<section class=\"elementor-section elementor-top-section elementor-element elementor-element-57ca742e elementor-section-boxed elementor-section-height-default elementor-section-height-default\" data-id=\"57ca742e\" data-element_type=\"section\">\n\t\t\t\t\t\t<div class=\"elementor-container elementor-column-gap-default\">\n\t\t\t\t\t<div class=\"elementor-column elementor-col-100 elementor-top-column elementor-element elementor-element-408ae72d\" data-id=\"408ae72d\" data-element_type=\"column\">\n\t\t\t<div class=\"elementor-widget-wrap elementor-element-populated\">\n\t\t\t\t\t\t<div class=\"elementor-element elementor-element-d2e088b elementor-widget elementor-widget-spacer\" data-id=\"d2e088b\" data-element_type=\"widget\" data-widget_type=\"spacer.default\">\n\t\t\t\t<div class=\"elementor-widget-container\">\n\t\t\t\t\t\t\t<div class=\"elementor-spacer\">\n\t\t\t<div class=\"elementor-spacer-inner\"><\/div>\n\t\t<\/div>\n\t\t\t\t\t\t<\/div>\n\t\t\t\t<\/div>\n\t\t\t\t<div class=\"elementor-element elementor-element-a971cf8 elementor-invisible elementor-widget elementor-widget-heading\" data-id=\"a971cf8\" data-element_type=\"widget\" data-settings=\"{&quot;_animation&quot;:&quot;fadeInLeft&quot;}\" data-widget_type=\"heading.default\">\n\t\t\t\t<div class=\"elementor-widget-container\">\n\t\t\t\t\t<h2 class=\"elementor-heading-title elementor-size-default\">Tarifas Carga a Republica Dominicana<\/h2>\t\t\t\t<\/div>\n\t\t\t\t<\/div>\n\t\t\t\t<div class=\"elementor-element elementor-element-782a4e6 elementor-widget elementor-widget-accordion\" data-id=\"782a4e6\" data-element_type=\"widget\" data-settings=\"{&quot;_animation&quot;:&quot;none&quot;,&quot;_animation_tablet&quot;:&quot;fadeInLeft&quot;,&quot;_animation_mobile&quot;:&quot;fadeInLeft&quot;}\" data-widget_type=\"accordion.default\">\n\t\t\t\t<div class=\"elementor-widget-container\">\n\t\t\t\t\t\t\t<div class=\"elementor-accordion\">\n\t\t\t\t\t\t\t<div class=\"elementor-accordion-item\">\n\t\t\t\t\t<div id=\"elementor-tab-title-1261\" class=\"elementor-tab-title\" data-tab=\"1\" role=\"button\" aria-controls=\"elementor-tab-content-1261\" aria-expanded=\"false\">\n\t\t\t\t\t\t\t\t\t\t\t\t\t<span class=\"elementor-accordion-icon elementor-accordion-icon-left\" aria-hidden=\"true\">\n\t\t\t\t\t\t\t\t\t\t\t\t\t\t\t<span class=\"elementor-accordion-icon-closed\"><i class=\"fas fa-angle-double-down\"><\/i><\/span>\n\t\t\t\t\t\t\t\t<span class=\"elementor-accordion-icon-opened\"><i class=\"fas fa-angle-double-down\"><\/i><\/span>\n\t\t\t\t\t\t\t\t\t\t\t\t\t\t<\/span>\n\t\t\t\t\t\t\t\t\t\t\t\t<a class=\"elementor-accordion-title\" tabindex=\"0\">Republica Dominicana<\/a>\n\t\t\t\t\t<\/div>\n\t\t\t\t\t<div id=\"elementor-tab-content-1261\" class=\"elementor-tab-content elementor-clearfix\" data-tab=\"1\" role=\"region\" aria-labelledby=\"elementor-tab-title-1261\"><p>\u00a0<\/p><table width=\"602\"><tbody><tr><td colspan=\"10\" width=\"95\">Lbs.<\/td><td colspan=\"9\" width=\"75\">Flete A\u00e9reo<\/td><td colspan=\"7\" width=\"74\">AWB<\/td><td colspan=\"8\" width=\"74\">Valor<br \/>Declarado<\/td><td colspan=\"6\" width=\"66\">Imp.<\/td><td colspan=\"8\" width=\"62\">Seg<\/td><td colspan=\"11\" width=\"89\">PVP LOCAL<\/td><td colspan=\"7\" width=\"67\">PVP<br \/>GLOBAL<\/td><\/tr><tr><td colspan=\"10\" width=\"95\">1-5<\/td><td colspan=\"9\">$25,00<\/td><td colspan=\"7\">$10,00<\/td><td colspan=\"8\">$10,00<\/td><td colspan=\"6\" rowspan=\"20\" width=\"66\">EN DESTINO<\/td><td colspan=\"8\">$9,00<\/td><td colspan=\"11\">$44,00<\/td><td colspan=\"7\" width=\"67\">&#8211;<\/td><\/tr><tr><td colspan=\"10\">10<\/td><td colspan=\"9\">$50,00<\/td><td colspan=\"7\">$10,00<\/td><td colspan=\"8\">$10,00<\/td><td colspan=\"8\">$9,00<\/td><td colspan=\"11\">$69,00<\/td><td colspan=\"7\">$79,00<\/td><\/tr><tr><td colspan=\"10\">15<\/td><td colspan=\"9\">$75,00<\/td><td colspan=\"7\">$10,00<\/td><td colspan=\"8\">$30,00<\/td><td colspan=\"8\">$9,00<\/td><td colspan=\"11\">$94,00<\/td><td colspan=\"7\">$109,00<\/td><\/tr><tr><td colspan=\"10\">20<\/td><td colspan=\"9\">$100,00<\/td><td colspan=\"7\">$10,00<\/td><td colspan=\"8\">$30,00<\/td><td colspan=\"8\">$9,00<\/td><td colspan=\"11\">$119,00<\/td><td colspan=\"7\">$139,00<\/td><\/tr><tr><td colspan=\"10\">25<\/td><td colspan=\"9\">$125,00<\/td><td colspan=\"7\">$10,00<\/td><td colspan=\"8\">$50,00<\/td><td colspan=\"8\">$9,00<\/td><td colspan=\"11\">$144,00<\/td><td colspan=\"7\">$169,00<\/td><\/tr><tr><td colspan=\"10\">30<\/td><td colspan=\"9\">$150,00<\/td><td colspan=\"7\">$10,00<\/td><td colspan=\"8\">$50,00<\/td><td colspan=\"8\">$9,00<\/td><td colspan=\"11\">$169,00<\/td><td colspan=\"7\">$199,00<\/td><\/tr><tr><td colspan=\"10\">35<\/td><td colspan=\"9\">$175,00<\/td><td colspan=\"7\">$10,00<\/td><td colspan=\"8\">$50,00<\/td><td colspan=\"8\">$9,00<\/td><td colspan=\"11\">$194,00<\/td><td colspan=\"7\">$229,00<\/td><\/tr><tr><td colspan=\"10\">40<\/td><td colspan=\"9\">$200,00<\/td><td colspan=\"7\">$10,00<\/td><td colspan=\"8\">$50,00<\/td><td colspan=\"8\">$9,00<\/td><td colspan=\"11\">$219,00<\/td><td colspan=\"7\">$259,00<\/td><\/tr><tr><td colspan=\"10\">45<\/td><td colspan=\"9\">$225,00<\/td><td colspan=\"7\">$10,00<\/td><td colspan=\"8\">$50,00<\/td><td colspan=\"8\">$9,00<\/td><td colspan=\"11\">$244,00<\/td><td colspan=\"7\">$289,00<\/td><\/tr><tr><td colspan=\"10\">50<\/td><td colspan=\"9\">$250,00<\/td><td colspan=\"7\">$10,00<\/td><td colspan=\"8\">$50,00<\/td><td colspan=\"8\">$9,00<\/td><td colspan=\"11\">$269,00<\/td><td colspan=\"7\">$319,00<\/td><\/tr><tr><td colspan=\"10\">55<\/td><td colspan=\"9\">$275,00<\/td><td colspan=\"7\">$10,00<\/td><td colspan=\"8\">$80,00<\/td><td colspan=\"8\">$9,00<\/td><td colspan=\"11\">$294,00<\/td><td colspan=\"7\">$349,00<\/td><\/tr><tr><td colspan=\"10\">60<\/td><td colspan=\"9\">$300,00<\/td><td colspan=\"7\">$10,00<\/td><td colspan=\"8\">$80,00<\/td><td colspan=\"8\">$9,00<\/td><td colspan=\"11\">$319,00<\/td><td colspan=\"7\">$379,00<\/td><\/tr><tr><td colspan=\"10\">65<\/td><td colspan=\"9\">$325,00<\/td><td colspan=\"7\">$10,00<\/td><td colspan=\"8\">$80,00<\/td><td colspan=\"8\">$9,00<\/td><td colspan=\"11\">$344,00<\/td><td colspan=\"7\">$409,00<\/td><\/tr><tr><td colspan=\"10\">70<\/td><td colspan=\"9\">$350,00<\/td><td colspan=\"7\">$10,00<\/td><td colspan=\"8\">$80,00<\/td><td colspan=\"8\">$9,00<\/td><td colspan=\"11\">$369,00<\/td><td colspan=\"7\">$439,00<\/td><\/tr><tr><td colspan=\"10\">75<\/td><td colspan=\"9\">$375,00<\/td><td colspan=\"7\">$10,00<\/td><td colspan=\"8\">$80,00<\/td><td colspan=\"8\">$9,00<\/td><td colspan=\"11\">$394,00<\/td><td colspan=\"7\">$469,00<\/td><\/tr><tr><td colspan=\"10\">80<\/td><td colspan=\"9\">$400,00<\/td><td colspan=\"7\">$10,00<\/td><td colspan=\"8\">$100,00<\/td><td colspan=\"8\">$9,00<\/td><td colspan=\"11\">$419,00<\/td><td colspan=\"7\">$499,00<\/td><\/tr><tr><td colspan=\"10\">85<\/td><td colspan=\"9\">$425,00<\/td><td colspan=\"7\">$10,00<\/td><td colspan=\"8\">$100,00<\/td><td colspan=\"8\">$9,00<\/td><td colspan=\"11\">$444,00<\/td><td colspan=\"7\">$529,00<\/td><\/tr><tr><td colspan=\"10\">90<\/td><td colspan=\"9\">$450,00<\/td><td colspan=\"7\">$10,00<\/td><td colspan=\"8\">$100,00<\/td><td colspan=\"8\">$9,00<\/td><td colspan=\"11\">$469,00<\/td><td colspan=\"7\">$559,00<\/td><\/tr><tr><td colspan=\"10\">95<\/td><td colspan=\"9\">$475,00<\/td><td colspan=\"7\">$10,00<\/td><td colspan=\"8\">$100,00<\/td><td colspan=\"8\">$9,00<\/td><td colspan=\"11\">$494,00<\/td><td colspan=\"7\">$589,00<\/td><\/tr><tr><td colspan=\"10\">100<\/td><td colspan=\"9\">$500,00<\/td><td colspan=\"7\">$10,00<\/td><td colspan=\"8\">$100,00<\/td><td colspan=\"8\">$9,00<\/td><td colspan=\"11\">$519,00<\/td><td colspan=\"7\"><p>$619,00<\/p><p>\u00a0<\/p><\/td><\/tr><\/tbody><\/table><table style=\"border-collapse: collapse; width: 125pt;\" border=\"0\" width=\"170\" cellspacing=\"0\" cellpadding=\"0\"><colgroup> <col style=\"mso-width-source: userset; mso-width-alt: 554; width: 10pt;\" width=\"13\" \/> <col style=\"mso-width-source: userset; mso-width-alt: 853; width: 15pt;\" width=\"20\" \/> <col style=\"mso-width-source: userset; mso-width-alt: 298; width: 5pt;\" span=\"2\" width=\"7\" \/> <col style=\"mso-width-source: userset; mso-width-alt: 554; width: 10pt;\" width=\"13\" \/> <col style=\"mso-width-source: userset; mso-width-alt: 298; width: 5pt;\" span=\"5\" width=\"7\" \/> <col style=\"mso-width-source: userset; mso-width-alt: 554; width: 10pt;\" width=\"13\" \/> <col style=\"mso-width-source: userset; mso-width-alt: 298; width: 5pt;\" span=\"4\" width=\"7\" \/> <col style=\"mso-width-source: userset; mso-width-alt: 554; width: 10pt;\" width=\"13\" \/> <col style=\"mso-width-source: userset; mso-width-alt: 298; width: 5pt;\" span=\"3\" width=\"7\" \/> <\/colgroup><tbody><tr style=\"mso-height-source: userset; height: 11.25pt;\"><td class=\"xl67\" style=\"border-right: .5pt solid black; height: 11.25pt; width: 70pt;\" colspan=\"10\" width=\"95\" height=\"15\"><span class=\"font6\">Maritimo<\/span><\/td><td class=\"xl67\" style=\"border-left: none; width: 55pt;\" colspan=\"9\" width=\"75\"><span class=\"font6\">PVP<\/span><\/td><\/tr><tr style=\"mso-height-source: userset; height: 11.25pt;\"><td class=\"xl70\" style=\"border-right: .5pt solid black; height: 11.25pt; width: 70pt;\" colspan=\"10\" width=\"95\" height=\"15\"><span class=\"font5\">BARRIL<\/span><\/td><td class=\"xl65\" style=\"border-left: none;\" colspan=\"9\">$170,00<\/td><\/tr><tr style=\"mso-height-source: userset; height: 11.25pt;\"><td class=\"xl70\" style=\"border-right: .5pt solid black; height: 11.25pt; width: 70pt;\" colspan=\"10\" width=\"95\" height=\"15\"><span class=\"font5\">CAJA<\/span><\/td><td class=\"xl65\" style=\"border-left: none;\" colspan=\"9\">$110,00<\/td><\/tr><\/tbody><\/table><p>** Seguro es obligatorio 6%. En caso de perdida solo se paga valor asegurado. Impuestos se pagan en destino (COD)<\/p><\/div>\n\t\t\t\t<\/div>\n\t\t\t\t\t\t\t\t<\/div>\n\t\t\t\t\t\t<\/div>\n\t\t\t\t<\/div>\n\t\t\t\t\t<\/div>\n\t\t<\/div>\n\t\t\t\t\t<\/div>\n\t\t<\/section>\n\t\t\t\t<section class=\"elementor-section elementor-top-section elementor-element elementor-element-1fcb19f elementor-section-boxed elementor-section-height-default elementor-section-height-default\" data-id=\"1fcb19f\" data-element_type=\"section\">\n\t\t\t\t\t\t<div class=\"elementor-container elementor-column-gap-default\">\n\t\t\t\t\t<div class=\"elementor-column elementor-col-100 elementor-top-column elementor-element elementor-element-793576f\" data-id=\"793576f\" data-element_type=\"column\">\n\t\t\t<div class=\"elementor-widget-wrap elementor-element-populated\">\n\t\t\t\t\t\t\t<\/div>\n\t\t<\/div>\n\t\t\t\t\t<\/div>\n\t\t<\/section>\n\t\t\t\t<\/div>\n\t\t","protected":false},"excerpt":{"rendered":"<p>Tarifas Carga a Republica Dominicana Republica Dominicana \u00a0 Lbs. Flete A\u00e9reo AWB ValorDeclarado Imp. Seg PVP LOCAL PVPGLOBAL 1-5 $25,00 $10,00 $10,00 EN DESTINO $9,00 $44,00 &#8211; 10 $50,00 $10,00 $10,00 $9,00 $69,00 $79,00 15 $75,00 $10,00 $30,00 $9,00 $94,00 $109,00 20 $100,00 $10,00 $30,00 $9,00 $119,00 $139,00 25 $125,00 $10,00 $50,00 $9,00 $144,00 $169,00 &hellip;<\/p>\n<p class=\"read-more\"> <a class=\"\" href=\"https:\/\/expresito.com\/home\/rd\/\"> <span class=\"screen-reader-text\">Tarifas Carga Republica Dominicana<\/span> Leer m\u00e1s &raquo;<\/a><\/p>\n","protected":false},"author":9,"featured_media":0,"parent":0,"menu_order":0,"comment_status":"open","ping_status":"open","template":"","meta":{"_acf_changed":false,"wp_popup_display_lightbox":0,"wp_popup_suppress":"","wp_popup_trigger":"","wp_popup_trigger_amount":0,"wp_popup_disable_on_mobile":false,"site-sidebar-layout":"default","site-content-layout":"default","ast-global-header-display":"","ast-main-header-display":"","ast-hfb-above-header-display":"","ast-hfb-below-header-display":"","ast-hfb-mobile-header-display":"","site-post-title":"","ast-breadcrumbs-content":"","ast-featured-img":"","footer-sml-layout":"","theme-transparent-header-meta":"default","adv-header-id-meta":"","stick-header-meta":"","header-above-stick-meta":"","header-main-stick-meta":"","header-below-stick-meta":"","footnotes":""},"class_list":["post-5029","page","type-page","status-publish","hentry"],"acf":[],"yoast_head":"<!-- This site is optimized with the Yoast SEO plugin v27.4 - https:\/\/yoast.com\/product\/yoast-seo-wordpress\/ -->\n<title>Tarifas Carga Republica Dominicana - Expresito<\/title>\n<meta name=\"robots\" content=\"index, follow, max-snippet:-1, max-image-preview:large, max-video-preview:-1\" \/>\n<link rel=\"canonical\" href=\"https:\/\/expresito.com\/home\/rd\/\" \/>\n<meta property=\"og:locale\" content=\"es_ES\" \/>\n<meta property=\"og:type\" content=\"article\" \/>\n<meta property=\"og:title\" content=\"Tarifas Carga Republica Dominicana - Expresito\" \/>\n<meta property=\"og:description\" content=\"Tarifas Carga a Republica Dominicana Republica Dominicana \u00a0 Lbs. Flete A\u00e9reo AWB ValorDeclarado Imp. Seg PVP LOCAL PVPGLOBAL 1-5 $25,00 $10,00 $10,00 EN DESTINO $9,00 $44,00 &#8211; 10 $50,00 $10,00 $10,00 $9,00 $69,00 $79,00 15 $75,00 $10,00 $30,00 $9,00 $94,00 $109,00 20 $100,00 $10,00 $30,00 $9,00 $119,00 $139,00 25 $125,00 $10,00 $50,00 $9,00 $144,00 $169,00 &hellip; Tarifas Carga Republica Dominicana Leer m\u00e1s &raquo;\" \/>\n<meta property=\"og:url\" content=\"https:\/\/expresito.com\/home\/rd\/\" \/>\n<meta property=\"og:site_name\" content=\"Expresito\" \/>\n<meta property=\"article:publisher\" content=\"https:\/\/www.facebook.com\/EXPRESITOCARGA?mibextid=ZbWKwL\" \/>\n<meta property=\"article:modified_time\" content=\"2024-07-31T17:46:27+00:00\" \/>\n<meta name=\"twitter:card\" content=\"summary_large_image\" \/>\n<meta name=\"twitter:site\" content=\"@ExpresitoC\" \/>\n<meta name=\"twitter:label1\" content=\"Tiempo de lectura\" \/>\n\t<meta name=\"twitter:data1\" content=\"1 minuto\" \/>\n<script type=\"application\/ld+json\" class=\"yoast-schema-graph\">{\"@context\":\"https:\\\/\\\/schema.org\",\"@graph\":[{\"@type\":\"WebPage\",\"@id\":\"https:\\\/\\\/expresito.com\\\/home\\\/rd\\\/\",\"url\":\"https:\\\/\\\/expresito.com\\\/home\\\/rd\\\/\",\"name\":\"Tarifas Carga Republica Dominicana - Expresito\",\"isPartOf\":{\"@id\":\"https:\\\/\\\/expresito.com\\\/home\\\/#website\"},\"datePublished\":\"2024-07-31T17:44:14+00:00\",\"dateModified\":\"2024-07-31T17:46:27+00:00\",\"breadcrumb\":{\"@id\":\"https:\\\/\\\/expresito.com\\\/home\\\/rd\\\/#breadcrumb\"},\"inLanguage\":\"es\",\"potentialAction\":[{\"@type\":\"ReadAction\",\"target\":[\"https:\\\/\\\/expresito.com\\\/home\\\/rd\\\/\"]}]},{\"@type\":\"BreadcrumbList\",\"@id\":\"https:\\\/\\\/expresito.com\\\/home\\\/rd\\\/#breadcrumb\",\"itemListElement\":[{\"@type\":\"ListItem\",\"position\":1,\"name\":\"Portada\",\"item\":\"https:\\\/\\\/expresito.com\\\/home\\\/\"},{\"@type\":\"ListItem\",\"position\":2,\"name\":\"Tarifas Carga Republica Dominicana\"}]},{\"@type\":\"WebSite\",\"@id\":\"https:\\\/\\\/expresito.com\\\/home\\\/#website\",\"url\":\"https:\\\/\\\/expresito.com\\\/home\\\/\",\"name\":\"Expresito Carga- Envios a Latino America, Envios a Ecuador Y colombia\",\"description\":\"Carga y Correo a Colombia, Ecuador, Per\u00fa, M\u00e9xico, Rep\u00fablica Dominicana, Venezuela, Honduras, Guatemala, El Salvador, Canad\u00e1 y Todo Estados Unidos.\",\"publisher\":{\"@id\":\"https:\\\/\\\/expresito.com\\\/home\\\/#organization\"},\"potentialAction\":[{\"@type\":\"SearchAction\",\"target\":{\"@type\":\"EntryPoint\",\"urlTemplate\":\"https:\\\/\\\/expresito.com\\\/home\\\/?s={search_term_string}\"},\"query-input\":{\"@type\":\"PropertyValueSpecification\",\"valueRequired\":true,\"valueName\":\"search_term_string\"}}],\"inLanguage\":\"es\"},{\"@type\":\"Organization\",\"@id\":\"https:\\\/\\\/expresito.com\\\/home\\\/#organization\",\"name\":\"Expresito Carga\",\"url\":\"https:\\\/\\\/expresito.com\\\/home\\\/\",\"logo\":{\"@type\":\"ImageObject\",\"inLanguage\":\"es\",\"@id\":\"https:\\\/\\\/expresito.com\\\/home\\\/#\\\/schema\\\/logo\\\/image\\\/\",\"url\":\"https:\\\/\\\/expresito.com\\\/home\\\/wp-content\\\/uploads\\\/2023\\\/12\\\/logo4.png\",\"contentUrl\":\"https:\\\/\\\/expresito.com\\\/home\\\/wp-content\\\/uploads\\\/2023\\\/12\\\/logo4.png\",\"width\":1123,\"height\":232,\"caption\":\"Expresito Carga\"},\"image\":{\"@id\":\"https:\\\/\\\/expresito.com\\\/home\\\/#\\\/schema\\\/logo\\\/image\\\/\"},\"sameAs\":[\"https:\\\/\\\/www.facebook.com\\\/EXPRESITOCARGA?mibextid=ZbWKwL\",\"https:\\\/\\\/x.com\\\/ExpresitoC\",\"https:\\\/\\\/www.instagram.com\\\/expresitocarga?igsh=NDI1Z2xubGc1bm9q\",\"https:\\\/\\\/www.tiktok.com\\\/@expresito?_t=8k1FMiVJLK2&_r=1\",\"https:\\\/\\\/pin.it\\\/2W49waiNL\"]}]}<\/script>\n<!-- \/ Yoast SEO plugin. -->","yoast_head_json":{"title":"Tarifas Carga Republica Dominicana - Expresito","robots":{"index":"index","follow":"follow","max-snippet":"max-snippet:-1","max-image-preview":"max-image-preview:large","max-video-preview":"max-video-preview:-1"},"canonical":"https:\/\/expresito.com\/home\/rd\/","og_locale":"es_ES","og_type":"article","og_title":"Tarifas Carga Republica Dominicana - Expresito","og_description":"Tarifas Carga a Republica Dominicana Republica Dominicana \u00a0 Lbs. Flete A\u00e9reo AWB ValorDeclarado Imp. Seg PVP LOCAL PVPGLOBAL 1-5 $25,00 $10,00 $10,00 EN DESTINO $9,00 $44,00 &#8211; 10 $50,00 $10,00 $10,00 $9,00 $69,00 $79,00 15 $75,00 $10,00 $30,00 $9,00 $94,00 $109,00 20 $100,00 $10,00 $30,00 $9,00 $119,00 $139,00 25 $125,00 $10,00 $50,00 $9,00 $144,00 $169,00 &hellip; Tarifas Carga Republica Dominicana Leer m\u00e1s &raquo;","og_url":"https:\/\/expresito.com\/home\/rd\/","og_site_name":"Expresito","article_publisher":"https:\/\/www.facebook.com\/EXPRESITOCARGA?mibextid=ZbWKwL","article_modified_time":"2024-07-31T17:46:27+00:00","twitter_card":"summary_large_image","twitter_site":"@ExpresitoC","twitter_misc":{"Tiempo de lectura":"1 minuto"},"schema":{"@context":"https:\/\/schema.org","@graph":[{"@type":"WebPage","@id":"https:\/\/expresito.com\/home\/rd\/","url":"https:\/\/expresito.com\/home\/rd\/","name":"Tarifas Carga Republica Dominicana - Expresito","isPartOf":{"@id":"https:\/\/expresito.com\/home\/#website"},"datePublished":"2024-07-31T17:44:14+00:00","dateModified":"2024-07-31T17:46:27+00:00","breadcrumb":{"@id":"https:\/\/expresito.com\/home\/rd\/#breadcrumb"},"inLanguage":"es","potentialAction":[{"@type":"ReadAction","target":["https:\/\/expresito.com\/home\/rd\/"]}]},{"@type":"BreadcrumbList","@id":"https:\/\/expresito.com\/home\/rd\/#breadcrumb","itemListElement":[{"@type":"ListItem","position":1,"name":"Portada","item":"https:\/\/expresito.com\/home\/"},{"@type":"ListItem","position":2,"name":"Tarifas Carga Republica Dominicana"}]},{"@type":"WebSite","@id":"https:\/\/expresito.com\/home\/#website","url":"https:\/\/expresito.com\/home\/","name":"Expresito Carga- Envios a Latino America, Envios a Ecuador Y colombia","description":"Carga y Correo a Colombia, Ecuador, Per\u00fa, M\u00e9xico, Rep\u00fablica Dominicana, Venezuela, Honduras, Guatemala, El Salvador, Canad\u00e1 y Todo Estados Unidos.","publisher":{"@id":"https:\/\/expresito.com\/home\/#organization"},"potentialAction":[{"@type":"SearchAction","target":{"@type":"EntryPoint","urlTemplate":"https:\/\/expresito.com\/home\/?s={search_term_string}"},"query-input":{"@type":"PropertyValueSpecification","valueRequired":true,"valueName":"search_term_string"}}],"inLanguage":"es"},{"@type":"Organization","@id":"https:\/\/expresito.com\/home\/#organization","name":"Expresito Carga","url":"https:\/\/expresito.com\/home\/","logo":{"@type":"ImageObject","inLanguage":"es","@id":"https:\/\/expresito.com\/home\/#\/schema\/logo\/image\/","url":"https:\/\/expresito.com\/home\/wp-content\/uploads\/2023\/12\/logo4.png","contentUrl":"https:\/\/expresito.com\/home\/wp-content\/uploads\/2023\/12\/logo4.png","width":1123,"height":232,"caption":"Expresito Carga"},"image":{"@id":"https:\/\/expresito.com\/home\/#\/schema\/logo\/image\/"},"sameAs":["https:\/\/www.facebook.com\/EXPRESITOCARGA?mibextid=ZbWKwL","https:\/\/x.com\/ExpresitoC","https:\/\/www.instagram.com\/expresitocarga?igsh=NDI1Z2xubGc1bm9q","https:\/\/www.tiktok.com\/@expresito?_t=8k1FMiVJLK2&_r=1","https:\/\/pin.it\/2W49waiNL"]}]}},"jetpack_sharing_enabled":true,"_links":{"self":[{"href":"https:\/\/expresito.com\/home\/wp-json\/wp\/v2\/pages\/5029","targetHints":{"allow":["GET"]}}],"collection":[{"href":"https:\/\/expresito.com\/home\/wp-json\/wp\/v2\/pages"}],"about":[{"href":"https:\/\/expresito.com\/home\/wp-json\/wp\/v2\/types\/page"}],"author":[{"embeddable":true,"href":"https:\/\/expresito.com\/home\/wp-json\/wp\/v2\/users\/9"}],"replies":[{"embeddable":true,"href":"https:\/\/expresito.com\/home\/wp-json\/wp\/v2\/comments?post=5029"}],"version-history":[{"count":7,"href":"https:\/\/expresito.com\/home\/wp-json\/wp\/v2\/pages\/5029\/revisions"}],"predecessor-version":[{"id":5036,"href":"https:\/\/expresito.com\/home\/wp-json\/wp\/v2\/pages\/5029\/revisions\/5036"}],"wp:attachment":[{"href":"https:\/\/expresito.com\/home\/wp-json\/wp\/v2\/media?parent=5029"}],"curies":[{"name":"wp","href":"https:\/\/api.w.org\/{rel}","templated":true}]}}